 - 4*r = -4*l + 32390, 3*l = -4*r + 24255. List the prime factors of l.
8093
Let d(h) = 37*h**2 - 4*h + 5. Let k = 87 + -65. Suppose -20 = -4*y, c + y = -3*y + k. What are the prime factors of d(c)?
5, 29
Let q(x) = x + 2. Let p(g) = -1. Let l(r) = 6*p(r) + q(r). Let z be l(4). Suppose 5*f - 5*i + 41 - 226 = z, 59 = 2*f - 5*i. What are the prime factors of f?
2, 3, 7
Suppose 3*o = -i + 23, 0 = -o + 5*o - 20. Suppose 8 + i = -4*n. What are the prime factors of n - (-10 + 0) - 4?
2
Let j be 8/6*-3*-1. Suppose 0 = -2*q + 2*i + j - 0, 3*i + 6 = -5*q. Suppose -10*r - 4*r + 1484 = q. What are the prime factors of r?
2, 53
Let n = -3448 + 6122. List the prime factors of n.
2, 7, 191
Let p = -383 + 575. Let t = -98 + 321. Suppose 5*n - t = p. What are the prime factors of n?
83
Let k be -20*(-5 + (-273)/(-6) + -2). Let t = -261 - k. List the prime factors of t.
509
Suppose 10926 + 8550 = 6*o. Suppose -2*v = -3*d + 5*d - o, -v = 4*d - 6480. List the prime factors of d.
1619
Let n(l) = -2257*l**3 - 6*l**2 - 11*l - 6. Let j be n(-2). Suppose -41*a = -17*a - j. List the prime factors of a.
2, 47
Let c(v) = v**2 - 9*v - 3. Let j be 36/(-10)*(0 + 20/(-8)). Let l be c(j). What are the prime factors of l/(78/(-4)) - (-43455)/195?
223
Let v = 1835 + 6551. List the prime factors of v.
2, 7, 599
List the prime factors of (-1)/5 - -34*(-3392)/(-40).
3, 31
Let o(a) be the third derivative of 43*a**5/30 + a**4/12 + a**3/2 + a**2 + 29*a. What are the prime factors of o(3)?
3, 29
Suppose -8*a = -11 - 13. Suppose -12 = a*x + 114. Let q = x + 73. List the prime factors of q.
31
Let g = -3615 - -3786. List the prime factors of g.
3, 19
Suppose 0 = -u - 3*y + 22, -4*y - 1 = 2*u - 3*u. Suppose 9 = 4*d + u. List the prime factors of d + 39*2/1.
7, 11
Let q(o) = -5*o - 2. Let c be q(-7). List the prime factors of ((-1814)/6)/((-11)/c).
907
Let k(r) = -r**3 + 20*r**2 - 19*r - 13. Let x be k(19). List the prime factors of (143/x)/((-4)/316).
11, 79
Suppose -5*y + a - 5*a - 8 = 0, 2*a = 2*y - 4. Suppose y = -5*l + 54 + 41. Suppose 0 = -l*v + 16*v + 123. What are the prime factors of v?
41
Suppose -3*t = 2*l + 4704, -5*l + 1568 = t - 2*t. What are the prime factors of t/(-245)*(-30)/(-4)?
2, 3
Let x be ((-12 + 2)*(-5)/2)/1. Let f = 47 - x. Suppose 3*a - 2*l = 26 - 0, 0 = 2*a + l - f. What are the prime factors of a?
2, 5
Suppose 57*l - 61*l - 5*w = -13771, -3*l + 10337 = 2*w. List the prime factors of l.
3449
Let x = 123 + -120. Let l be ((-2680)/(-6))/(1/3). Suppose -x*c - t = -543, t - l = -5*c - 433. List the prime factors of c.
2, 7, 13
What are the prime factors of ((-600264)/(-294))/((-9)/(-42))?
2, 3, 397
Suppose -4*r + 5*r = 3808. Suppose -2*c + 5712 = 3*g, 2*g - 30*c + 35*c - r = 0. List the prime factors of g.
2, 7, 17
Let c(l) = 77*l**2 - 98*l + 360. What are the prime factors of c(4)?
2, 3, 5
Let q be 0*(-2)/(-2 - 0). Suppose l + q*l + 2*s = 335, s = 2*l - 670. List the prime factors of l.
5, 67
List the prime factors of (-635091)/(-7) - (-1566)/(-1218).
2, 3, 15121
Let n(u) = u**2 - 5*u - 18. Let o be n(8). Suppose -1 = x - o. Let c(d) = d**3 + 4*d - 1. List the prime factors of c(x).
2, 3
Suppose 51347 = i - 323*d + 320*d, 0 = -2*i - 3*d + 102703. What are the prime factors of i?
2, 5, 13, 79
Let m = 8140 - 6703. What are the prime factors of m?
3, 479
Let z = 489 + -458. Let q(w) = 23*w + 257. What are the prime factors of q(z)?
2, 5, 97
Suppose -11*n - 4*d = -3*d - 76321, 5*n = 4*d + 34678. What are the prime factors of n?
2, 3469
Let j = 19 + -9. Let n = -10 - j. Let b = 34 - n. List the prime factors of b.
2, 3
Let n(s) = s**3 - 19*s**2 - 21*s + 22. Let z be n(20). Suppose z*d - 617 - 631 = 0. List the prime factors of d.
2, 3, 13
Suppose 0 = o + 3*k - 5302, 2*o - 312*k + 313*k - 10584 = 0. What are the prime factors of o?
2, 5, 23
Suppose 2*g = -g + i + 169683, -3*g = 3*i - 169707. List the prime factors of g.
13, 19, 229
Let z = -386 + 896. Let c = z - 207. What are the prime factors of c?
3, 101
Let o(q) = -q**3 - 7*q**2 - 2*q - 9. Let p = 91 - 98. Let h be o(p). Suppose -2*z = -5*l + 558, h*l + z = 6*z + 555. List the prime factors of l.
2, 7
Suppose -13*z + f - 15 = -14*z, 5*z = -f + 91. What are the prime factors of z?
19
Suppose -23*g - 20*g + 356661 = -20*g. What are the prime factors of g?
3, 1723
Let i = -199229 - -279845. List the prime factors of i.
2, 3, 3359
Let b = -56814 - -113375. List the prime factors of b.
163, 347
Let q = 916 - -356. Suppose -p = 3*d - 414 + 91, -4*p = 2*d - q. Suppose 5 = s - 3*f - 47, 4*f - p = -5*s. List the prime factors of s.
61
Let u(z) = 9*z**2 - 30*z + 8. Let o(y) = -11*y**2 + 38*y - 9. Let q(n) = 4*o(n) + 5*u(n). Suppose 4 + 2 = x. List the prime factors of q(x).
2, 13
Let h be (-40)/(-30) + 13/(-3). What are the prime factors of ((-13437)/27)/1*h?
1493
Suppose 3*y + 33*j = 38*j + 69590, 2*j - 46356 = -2*y. List the prime factors of y.
5, 4637
Let g = 123 - 141. List the prime factors of -1592*3/(-3)*(-9)/g.
2, 199
Let i(l) = 10*l + 3. Let u be i(-1). Let d be (u - -1)/(42/(-12) - -2). Suppose -d*s = 1 + 3, -3*k + 401 = -2*s. List the prime factors of k.
7, 19
Let p(s) = 6*s - 16. Let k be p(7). Suppose -31*f + k*f - 10 = 0. Let l(d) = -20*d**3 - 5*d**2 - 2*d + 2. List the prime factors of l(f).
2, 73
Let y(i) = -i**3 - 3*i**2 - 2*i - 5. Suppose 55 = 10*h - 21*h. List the prime factors of y(h).
5, 11
Suppose 5*j = 5*p + 12770, 102*p = 3*j + 105*p - 7632. What are the prime factors of j?
2549
Let v(b) = -16*b**3 + 8*b**2 + 36*b + 84. List the prime factors of v(-4).
2, 3, 7, 13
Let z(v) = 226*v - 3761. What are the prime factors of z(77)?
3, 4547
Suppose 83*i = 103*i - 440. Suppose i*w - 11474 = -1354. What are the prime factors of w?
2, 5, 23
Suppose 7*d + 4407822 = 149*d. List the prime factors of d.
3, 3449
Suppose 26*j - 24*j = -432. Let l(d) = -d**3 - 7*d**2 - 9*d - 3. Let c be l(-6). List the prime factors of (2 + j/c)/(1/(-5)).
2, 31
Let l(n) = -n**3 - 10*n**2 + 2. Let a be l(-10). Suppose q + 496 = 2*q + a*y, -4*q + 2009 = 3*y. Suppose 8*x + 162 = q. List the prime factors of x.
43
Let f(h) = h**3 - 20*h**2 + 34*h + 90. Let p be f(18). Let q(z) = 106*z**3 + 2*z - 1. Let b be q(1). Suppose p*r - b = 53*r. List the prime factors of r.
107
Let z = -131 - -928. Let l = 1413 - z. Suppose -8*r + l = -4*r. List the prime factors of r.
2, 7, 11
Let g(v) = 74*v - 9. Let d be g(2). Suppose 0 = -8*c + d + 181. Suppose -c = 2*i - 3*i - 5*m, 0 = 3*i + 5*m - 140. List the prime factors of i.
2, 5
Suppose 0 = -28*f + 425520 + 19456. List the prime factors of f.
2, 29, 137
Suppose 4*b - 5 + 1 = 0, 4*c - 2*b - 6 = 0. Suppose -13 = -c*n + 17. Let x = 55 - n. What are the prime factors of x?
2, 5
Suppose 0 = 5*c - 2*c - 192. Let a(q) = 2*q**2 - 10*q - 765. Let d be a(23). Suppose -17 = d*x - c*x. List the prime factors of x.
17
What are the prime factors of (14 - (11 - 1)) + 4654?
2, 17, 137
Let j(g) = -2*g**3 + 209*g**2 - 84*g - 732. What are the prime factors of j(103)?
3, 7481
What are the prime factors of 21351/2 - (-6 - -4)/4?
2, 17, 157
Suppose 3*i = 8*i + 2*s - 13910, 5*i - 3*s - 13885 = 0. List the prime factors of i.
2, 5, 139
Suppose -33 - 30 = 7*r. Let p be ((-1312)/12)/(6/r). Suppose -2*u + 4*n = -p, 273 = 3*u - 0*u + 3*n. List the prime factors of u.
2, 11
Let t = 29 - 11. Let w be (2 + (-10)/4)/((-9)/t). What are the prime factors of -9 + 105 + 0 + 1 + w?
2, 7
Suppose 3*j - 328 + 313 = 0. Suppose c - 3*l - 1270 = 0, 0 = -j*c + l + l + 6285. What are the prime factors of c?
5, 251
Let b = -29 - -461. Suppose 0 = m + 5*l - 194, b + 598 = 5*m + 5*l. What are the prime factors of m?
11, 19
Suppose -2*h = 212*p - 215*p - 8204, -h + 4100 = -p. List the prime factors of h.
2
Let v(w) = 117*w**2 + 45*w + 1135. What are the prime factors of v(-25)?
5, 14627
Suppose 3*d = -7*d + 50. Suppose -30 = 5*m - 2*b, 26 = -d*m + b - 4. Let g(q) = -2*q**3 - 8*q**2 + 7*q + 7. List the prime factors of g(m).
109
Let z(h) be the second derivative of -14*h**3/3 - 229*h**2/2 - 32*h - 2. What are the prime factors of z(-33)?
5, 139
Let g(u) = -25*u**2 - 65*u**3 + 66*u**3 - 29*u + 14*u**2 + 41. List the prime factors of g(13).
2
Let j(k) = -2*k**2 + 49*k - 15. Let z be (-10)/(3/2 - 5/6). Let r(u) = 2*u + 48. Let d be r(z). What are th